common divisor of v and 126.
42
Suppose 4*q = -450*h + 452*h - 130, -5*h + 253 = 2*q. What is the greatest common divisor of 6413 and h?
53
Let x = -25 + -29. Let j = x + 104. Suppose 3*y = -4*r + 43, 5*r + y - 51 = -0*y. Calculate the highest common factor of j and r.
10
Let k be 27 + -17 - -3*(6826 - 0). What is the greatest common factor of k and 104?
104
Let f = 4 - 6. Let i = 0 - f. Suppose -39*k = -406 - 218. Calculate the highest common divisor of i and k.
2
Let n(z) = -2*z**3 + 14*z**2 + 34*z + 51. Let v be n(9). Suppose -8*l = -4*l - 396. What is the highest common factor of l and v?
33
Suppose 5*d - x - 6 = 0, 72*d = 77*d - 5*x - 10. Calculate the greatest common factor of 150 and d.
1
Let o be ((-346)/(-8))/(45/14310) - 1/2. Calculate the highest common divisor of o and 51.
17
Let g(n) = 4*n**3 + 4*n**2 + 2*n + 4. Let k be g(3). Let a(c) = 46*c**2 + 71*c + 2. Let s be a(-2). Calculate the highest common divisor of k and s.
22
Suppose 41 = -5*t - 4*d - 164, 0 = -5*d - 25. Let h = t + 84. What is the highest common divisor of 329 and h?
47
Let i(c) = -11*c**3 - 133*c**2 - 11*c + 32. Let z be i(-12). Suppose 0 = 5*t + 2*j - 420 - 78, 5*t - 499 = -j. What is the highest common divisor of t and z?
20
Suppose -5*v + 412 - 132 = 0. Suppose 68*l - 231 = 2761. Calculate the greatest common divisor of l and v.
4
Suppose -9*m - 680 + 2606 = 0. Suppose -a + m = 2*y - 36, -3*a + 771 = -y. Calculate the highest common divisor of a and 4.
4
Suppose 554*n - 63992 = 133*n. What is the greatest common divisor of 36784 and n?
152
Let t be -6*(-10)/120*(-2 + 71*2). Calculate the highest common factor of t and 2436.
14
Let g(b) = -2*b - b**2 - 7*b - 12*b - 34. Let c be g(-19). Suppose -6*n + c*n = -42. What is the greatest common divisor of 14 and n?
7
Let q(f) = f**2 + 10*f - 6. Let p be q(3). Calculate the highest common divisor of 825 and p.
33
Suppose -3*t + 640 = -k + 1, 4 = t. Let l = k + 1104. Calculate the highest common divisor of 106 and l.
53
Let z = 4458 + -2098. What is the greatest common factor of z and 160?
40
Suppose 231 = 7*u - 574. Suppose c + 4*j = -4, 41 - u = -4*c + 2*j. Calculate the highest common factor of 256 and c.
16
Let d = -174 - -218. Let z be 136/(-6)*(-33)/d. What is the highest common factor of z and 51?
17
Suppose -104 = -6*l + 1942. Calculate the highest common divisor of l and 279.
31
Suppose -5*v + 7 + 3 = 3*c, 4 = -2*c + 2*v. Suppose 0 = 4*n - 2*a - 1642, -9*n + 10*n + 3*a - 428 = c. Calculate the greatest common divisor of 118 and n.
59
Suppose 89 = -m + 104. Suppose 5*x = 14*x - 315. What is the highest common divisor of m and x?
5
Let r(w) = 29*w**3 + 4*w**2 - 9*w + 63. Let f be r(4). What is the highest common divisor of f and 44?
11
Let o = -1071 - -1087. Let h = 2 - 5. Let f be 14*((-132)/(-28) + h). What is the highest common factor of f and o?
8
Let c be -746*(84/16 + -5)*-2. Let a = -268 + c. Suppose -3*v + 29 + 97 = 0. What is the highest common divisor of v and a?
21
Let h = 4765 - 4745. Suppose 0 = -6*k + 10*k - 400. Calculate the highest common divisor of h and k.
20
Suppose -184 = -y + 5*q, 0 = 5*y + 10*q - 12*q - 874. What is the greatest common divisor of y and 12?
6
Suppose 2622 = -0*o + 2*o. Let c be ((-242)/66)/(572/(-10764)). Calculate the highest common divisor of o and c.
69
Let f be (-8 + 9/3)/(5/(-5)). Suppose 282 = 3*r + r - 3*v, -f*r + 353 = -4*v. What is the greatest common factor of 138 and r?
69
Suppose 2*l + 2*u = 24, 4*l + 3*u - 66 + 23 = 0. Let n = 47 - l. Calculate the highest common divisor of 60 and n.
20
Suppose -a + 756 = -2*j + a, a + 771 = -2*j. Let h = -263 - j. What is the greatest common factor of 10 and h?
10
Suppose 0 = 4*t - 28*t + 96. Let u be (10/(-3))/(2/(-12)). Suppose 2*k + 182 = x + u, 3*x - t*k - 478 = 0. What is the greatest common factor of x and 14?
14
Let j(t) = t**3 + 23*t**2 - 114*t - 2566. Let z be j(-23). Calculate the highest common factor of 36792 and z.
56
Let t be (-6)/(-15) + (-33)/45*-9. Let n(h) = -h**2 + 10*h. Let b be n(5). Suppose -26*y = -b*y - 91. What is the greatest common factor of t and y?
7
Let z be 99/(5 - (-2074)/(-425)). What is the highest common factor of 60 and z?
15
Let c = 6 - 68. Let j = -58 - c. Suppose 0 = -j*f + 4*u + 56, 0 = f + 4*f - 3*u - 74. Calculate the greatest common divisor of 16 and f.
16
Let p be (2/4)/(1/1196). Suppose 5*h - 127 = o, 8*h - 6*h = o + 49. Calculate the highest common factor of h and p.
26
Let g(i) = -i**2 + 15*i - 68. Let c be g(7). Let u be (-3*(-8)/c)/(1/(-12)). Calculate the greatest common factor of 15 and u.
3
Suppose -6*a + 376 = -2*a - 7*h, -2*h = 3*a - 282. What is the highest common divisor of 2961 and a?
47
Suppose 7*h - 143 = -31. Suppose 3300 = h*c - 14*c. Suppose 0 = -0*v + 6*v - c. Calculate the highest common divisor of v and 25.
25
Suppose -42*v + 8 + 37 = 3. Let s = 62 - 43. Calculate the highest common divisor of s and v.
1
Let l(r) = 4*r**3 + 22*r**2 + 8*r - 5. Let m be l(-5). Suppose 3*i - 270 = -m*s, 93 = i - 5*s + 3. What is the greatest common divisor of i and 120?
30
Let d(k) = k**2 + 130*k - 4149. Let c be d(27). Calculate the highest common factor of c and 20070.
90
Let s be 24/(-11 + (-13930)/(-1266)). What is the greatest common factor of 72 and s?
36
Let d be 4/(-6) - 16140/(-45). Let r = 673 - d. Let x(s) = 4*s**2 - 7*s - 1. Let g be x(4). What is the highest common divisor of r and g?
35
Suppose 1150 = 4*o + z, -3*o = -22*z + 19*z - 870. What is the greatest common divisor of o and 352?
32
Let p(j) = -39*j**3 - 3*j**2 - 22*j - 22. Let g be p(-1). Let b be (-813)/(-9) - 2/6. What is the greatest common divisor of b and g?
18
Let m be (-13 - (-8873)/19) + -3. Calculate the greatest common divisor of 205 and m.
41
Suppose -5*k + k + 12 = 0. Suppose -77 = -2*a + l, a - 49 = -0*l - k*l. Calculate the greatest common divisor of 10 and a.
10
Suppose -21*t + 1401 = 876. What is the greatest common factor of t and 415?
5
Suppose -16*u - 1345 = -0*u - 1377. Calculate the greatest common factor of u and 2410.
2
Suppose 1241 = 8*p + 281. What is the greatest common factor of p and 1350?
30
Let w = 512 + -456. What is the greatest common divisor of 7 and w?
7
Suppose -132*f + 135*f = -588. Let y = -171 - f. What is the greatest common factor of 225 and y?
25
Let m = 35224 + -35210. Let c = -56 - -14. Let g be (c/(-4))/((-6)/(-8)). Calculate the greatest common divisor of g and m.
14
Suppose 54*w - 95609 - 86155 = 0. What is the highest common factor of 594 and w?
198
Let t(v) = 6*v**2 + 155*v - 132. Let z be t(-28). What is the highest common factor of z and 44?
4
Suppose -24*q + 23*q = -2676. Calculate the highest common factor of 12 and q.
12
Suppose -4531 = -20*y - 1311. Let f = y - 36. Suppose b - 8 = 3*x, -5*b + x + 22 = 4*x. What is the greatest common factor of f and b?
5
Suppose 5*u + 525 = 5*a - 210, -5*a = 4*u - 708. Suppose -a = -n + 3*z, 0 = -0*n + 4*n - z - 532. Calculate the greatest common divisor of 231 and n.
33
Suppose 7 + 13 = 4*r. Let z(n) = 7*n + 108. Let x be z(-16). Let f be (-2)/(r/x - -1). What is the highest common divisor of 88 and f?
8
Let g be (-11)/((-1 + (-36)/(-40))/(-1)). Let n be ((-264)/g)/(14/10 + -1). Let q be 2/n + 418/6. Calculate the greatest common factor of 14 and q.
14
Let n(d) = 10*d**3 + d**2 + d. Suppose 8 = 5*w + 3. Let c be n(w). Calculate the highest common divisor of c and 15.
3
Suppose 5*c - 9*c = -345 - 379. Calculate the greatest common divisor of 5 and c.
1
Let m(r) = 102 - 9*r**2 + 30*r**2 - 104. Let n be m(2). What is the highest common factor of 2 and n?
2
Suppose a + 3*v - 129 = 0, -5*a + 35*v + 590 = 39*v. Calculate the greatest common factor of a and 114.
114
Let r = 2217 + 1350. What is the highest common factor of 87 and r?
87
Let o be (-7)/(13827/(-550) + 25). Let n(v) = 8*v**3 + 5*v**2 - 4*v + 1. Let w be n(3). Calculate the greatest common factor of o and w.
50
Let u(w) = 83*w - 1774. Let r be u(45). What is the greatest common divisor of 159 and r?
53
Let t(y) = 13*y**2 + 654*y - 3911. Let p be t(6). What is the greatest common divisor of p and 117?
13
Let l(o) = 2*o**2 - 5*o - 15. Let m be (-1)/(-2 - 39/(-9) - 2). Let r be l(m). Calculate the greatest common factor of r and 60.
6
Let t = 751 + -351. What is the g